+ (3 - 20 - -16))).
-68
What is the value of -9 + -7 + (10 - -10) + (3 - 4)?
3
Evaluate 184 - (108 - (-158 + 105)).
23
Calculate (39 - 1) + -1 - (25316 - 25302).
23
What is the value of 2 + (11 - 9) + -19 + (-21 - -4)?
-32
(4218 - 4235) + (-28 - (-3 - -2))
-44
What is the value of (84 - -40 - 76) + (-2 - -3) + 7?
56
Evaluate 1 + (14 - 2) + (-38 - (48 - (29 - -199))).
155
What is the value of (-10 + -7 - (-6 + -14)) + -79?
-76
Calculate (0 - -14) + (-25 - (4 - -17)).
-32
Calculate 72 + -114 + 86 + 0 + 0.
44
Evaluate 1 + (-6 + -57 - (17 + (-29 - 4))).
-46
What is the value of 3 + (9 - (13 + -10)) + -8 + 9 + -3?
7
What is the value of 43 + -70 + -28 - -166?
111
What is (-57 + 9 - -6) + (-5 + 4 - 3) + 14?
-32
6 - (20 + 22 + 7 + (15 - 6))
-52
Calculate 12 - ((-23 - (24 + -57)) + (-2 - -33)).
-29
What is the value of 0 + 37 - (124 - 72)?
-15
Calculate (-36 - (-4 + -22)) + 24.
14
Calculate -55 - (-10 + -72 + 13).
14
0 + 0 - (-147 - (20 - 150))
17
Calculate (1016 - 923) + (3 - 49).
47
Evaluate -37 + (4 + 0 - (-9 - -14)).
-38
Evaluate 17 - 0 - (-66 - (6 + -15 + 4)).
78
Calculate -1 - (-1 - (14 + 2)) - ((3 - -96) + -100).
17
Evaluate 21 - (31 + (38 - 39)) - (-134 + -1).
126
What is the value of (-1 - 21 - 1) + (45 + -32 - 22)?
-32
What is (-28 - (-2 + 13)) + 19 - 20?
-40
What is the value of (-155 + 317 - 107) + (-1 - -1 - -1)?
56
Calculate (21 - 19) + (9 - 6 - 1) + -26.
-22
78 - (26 + (24 - 10))
38
Evaluate 1 + (-21 - (-19 + (-1 - 54))).
54
(13 - 1) + -19 + -18 + (12 - 4) + 21
4
What is 4 + (8 - (-6 + -33 + 14)) + -9?
28
What is 0 + 63 + (26 - 6) + -21 + -3?
59
What is the value of (-26 - -2) + 50 + -15 + 25?
36
What is (55 + -38 - (0 - (7 - (-4 + -4)))) + 15?
47
What is the value of -5 + -5 - (350 - 339)?
-21
What is the value of 140 + -180 - (-174 - -10)?
124
What is the value of (9 - 22) + (-41 - (12 - 49))?
-17
What is (-45 + -29 + 42 - -5) + -12?
-39
-13925 + 13908 - (1 + -13 + 1)
-6
What is the value of (-1225 - -1240) + (4 - ((0 - -2) + 0)) + 7?
24
What is -50 + 193 - (91 + -5)?
57
Evaluate 73 + (-215 - (-1 - 3)).
-138
What is the value of (-3 - -13) + -125 + 68 - -32?
-15
What is the value of (2 - (10 - (-2 + -1))) + (-35 - -27)?
-19
What is the value of 53 - (-14 + -24 + -23 + 25)?
89
What is -41 + 2 + 5 + (125 + -119 - (5 + 0))?
-33
Evaluate 12 + (22 - 7) + 2 + -37.
-8
42 + -91 + -10 + 69
10
(2 - (0 - 3)) + -29 + (38 - 21)
-7
Calculate -13 - ((-43 - 5) + -1 - -47).
-11
What is the value of (5 - (-13 + 52)) + -10 + (-7 - 1)?
-52
Evaluate 61 + (-67 - -19) + 0 + 14 + 2.
29
What is 67 - (39 + (-45 - -79))?
-6
Calculate (25 - -28) + -13 - 97.
-57
What is (2 + 1 - -16) + (105 - 117) + 6?
13
What is the value of 5 + 126 + (117 - 234)?
14
What is -96 - -2 - (128 + (-270 - -120))?
-72
What is the value of (-9 + 6 - (14 + -9)) + -8 + -49?
-65
Evaluate (4 - (0 + (-37 - -11)) - 6) + 3 + 4.
31
What is the value of (-231 - (-195 + -56)) + (-1 - 13)?
6
0 + (9 - (30 + -17 - 20))
16
-11 + 20 + 53 + -78
-16
What is 60 + -2 - (-8 + (19 - 1) - -2 - 19)?
65
Calculate (158 + -147 - (3 - (0 - -3))) + -27 + -2.
-18
What is -13 + (-58 - 59) + 255?
125
What is (41 - (85 + -72)) + (-28 - 4)?
-4
What is -11 - ((-38 - (2 + 1 - -8)) + 1)?
37
Calculate (19 + (-64 - -22) - 25) + -13 - -10.
-51
Calculate -15 + (18 - 0) + -13 + 37 + -32 + 11.
6
What is 14 + (14 - -73) - 41?
60
16 + -3 + (66 - (122 + -65))
22
What is the value of -53 - (-101 - -58) - (1 + -6) - (-4 + -107)?
106
Calculate -1 + 30 - (-122 - (-15 + -84)).
52
-9 + (-2 - -2 - ((40 - 31) + 1))
-19
What is the value of 101 + 4 - (27 + 2 + -24 + 11)?
89
What is 5 + 27 - (77 + -40)?
-5
138 - (104 - 50) - 60
24
Calculate -40 + (29 - 40 - -16) + 1 + -14.
-48
What is -5 - (1 + -17) - (-9 + -29 + 18 + 18)?
13
-12 + 6 + -4 - (-260 - -276)
-26
What is 1464 - 1469 - (-2 + -22 - -4) - (1 + 4)?
10
What is -61 + 2 - (-602 + 557)?
-14
Calculate -61 - (30 + -2 + -63).
-26
What is (15 + -66 - -17) + -22?
-56
Calculate 15 + -2 + (-26 - (-13 - (-7 - -6))).
-1
Calculate -3 - (-40 + 1 + 18 + -4 + -7) - -6.
35
What is 13 - -52 - 51 - 33?
-19
8 - ((-10 - -3) + (-3 + 9 - -5))
4
Calculate (31 + -56 - -35 - 6) + 34 + 1.
39
9 - (-43 - (41 + -74 - (-16 - 0)))
35
Calculate (0 - -32) + -7 - (-50 - -69).
6
Calculate -737 + 714 + (53 - -4).
34
What is (-125 - -109) + 4 + 4?
-8
-13 + (23 - (-22 + 51)) - (-9 - 2) - 97
-105
-6 + 14 - 92 - (-26 - 0 - -10)
-68
11 - (-5 - (9 + -78)) - (-26 + 40)
-67
What is the value of (-3 - 3) + -12 + (23 - 17)?
-12
What is the value of (2018 - 2052) + (-57 - -3)?
-88
Evaluate 427 - 422 - ((-11 - -12 - (3 + -9)) + -12).
10
What is the value of (-398 - -361) + 79 + 9?
51
Calculate -16 - (64 + -60 + -17 + 10 - (-1 - 6)).
-20
Evaluate -1 + 7 + 225 + -203.
28
What is -15 + -1 - (69 + -22 + (24 - 36))?
-51
What is the value of -2 + 68 + -63 + (2 - 0) + -30?
-25
What is ((-13 - -36) + -8 + -99 - -11) + (-1 - 0)?
-74
Calculate -38 + -9 + (18 - 25) + 1 - 15.
-68
Calculate (1 - 0) + (10 - 4) + (-6 + -4 - -12).
9
What is the value of -24 - (37 - 36 - (34 + -2))?
7
What is the value of -76 - (-938 + 920 - (3 + -2 - 40))?
-97
Evaluate (-42 - -55) + (5 - 14 - -6 - -8).
18
Evaluate -4 - (8 + (1 - 3) + -18 + 27 + 37).
-56
What is 65 - 10 - 45 - (-12 + -3)?
25
Calculate 3 - (-6 - (-2 - -2)) - (-9 - -6 - 60).
72
What is the value of 11 - (129 + -53 - 14)?
-51
Calculate -10 + (-11 - (-1 - (-16 - -31))).
-5
-2 + -2 + -1 + -18 + (36 - 62) + 57
8
-3 + ((11 + -11 - -3 - 8) + -3 - -23)
12
What is the value of 12 + 36 - 55 - -50?
43
What is (39 - (10 - 4)) + 115 + -72?
76
Evaluate 2 - (9 + -8) - ((7 + -14 - 2) + 42).
-32
5 - (15 - 6) - (-19 + 18 + 2) - 53
-58
Calculate -139 + 2 + 1 - (15 + -37 + 8 - -3).
-125
What is the value of (77 - 83) + (2 + -9 - (-16 + -2 + 6))?
-1
What is the value of (-59 - 1) + (10 + 1 - (-662 - -666))?
-53
Calculate -47 + -2 + (8 - -6) + -3.
-38
What is the value of 23 - ((124 - -3) + -1) - -24 - -17?
-62
Evaluate 45 + (1 - -25) + 547 + -584.
34
-4 - ((24 - -38) + -44)
-22
Calculate 0 + 7 - (1 - 11 - (36 - 39) - -10).
4
Calculate 8 + -2 + -5 + -3 - -1 - 44.
-45
What is the value of 185 + 82 + -243 + 47?
71
Evaluate -512 + 478 + -1 + -11.
-46
Calculate (157 - 75) + (2 - 16) + -5 + -17.
46
What is the value of -131 - -121 - (-1 + -18)?
9
Evaluate 4 + -18 + (29 - (-14 + 33)) + (6 - -97).
99
What is (-42 - -70 - -132) + -90?
70
Calculate -33 + -14 + 85 + -53.
-15
What is the value of 34 + -112 + (29 + -65 - -53)?
-61
What is 6 + 5 + -99 + -1356 + 1348?
-96
What is the value of -8 + -1 + 21 + (-29 - -62)?
45
What is the value of -65 + 1 - (-1 - 12 - (-29 - -21 - 17))?
-76
Calculate -10 + 39 - (8 + ((-10 - -10) + -4 - 8)).
33
-47 + 60 + -20 + 17
10
Evaluate 59 + -25 + (20 - 7) + 7.
54
Evaluate -1761 - -1698 - (-68 - 0).
5
What is 8 + 70 + (-58 - -35)?
55
Evaluate (-5 + -45 - -35) + 14 + -105.
-106
What is 46 + (38 + -55 - 89)?
-60
What is -20 - -9 - (-64 + 71 + 1 + -74 + 0)?
55
What is -25 + (-6 - (-7 + 45)) - (-5 - -1)?
-65
What is the value of -61 + 109 + -80 - (6 - 2 - 2)?
-34
Evaluate -27 + 40 + -35 + 40 + -105.
-87
What is the value of (-8 - -139) + (-62 - -69) + -40?
98
What is -1 + -32 - (25 - (7 + (-41 - -48)))?
-44
353 + -374 + -3 + 34
10
Evaluate ((1 - -6) + 345 + -358 - -13) + 12.
19
What is -4 - -52 - (-53 + (-26 - -71))?
56
-1 - (7 - 3) - (8 - (-18 + 11))
-20
(-46 + (9 - -42) - (2 - 1)) + -41
-37
Evaluate -1 + 41 + 3486 + -3492.
34
Calculate -80 + 94 + (-25 - 3) - (0 + (3 - -20)).
-37
-84 + 69 - (20 + 4 + -1 - -5)
-43
Calculate 18 - 7 - (20 + 5 - 17) - -39.
42
Evaluate (12 + -11 - -2) + (35 - 18) + -1.
19
What is (-7 + 0 - (-564 + 557)) + 23 + -1?
22
Evaluate (-38 - ((18 - -11) + -135)) + -45.
23
Calculate (4 - -8) + -17 + 4 + (-10 - 2).
-13
What is the value of -35 - ((-1 - 49) + 1844 + -1814)?
-15
What is the value of -96 - -5 - (33 - 20 - 29)?
-75
44 + (-116 - 16) + 57
-31
Evaluate -6 - (0 + -37 + 146 + -124 - -6).
3
Calculate 2 + -34 + 7 - (-41 + 19 - -28).
-31
What is (16 - (26 + -13 + 14 - 16)) + -81?
-76
Calculate (-123 - -99 - (-47 - 0)) + -27.
-4
Evaluate 23 + 27 + 1 + -7.
44
What is the value of 469 + -469 + -5 + 14 + 2?
11
-65 + 1 - -1 - (-5537 - -5524)
-50
What is the value of 5 - (17 - 20 - ((41 - 8) + -2))?
39
(-7 - (-8 + -7)) + 13 + 12
33
Calculate -78 - ((-4 + 19 - 17) + -19).
-57
What 